152?
1140
What is the remainder when 38503 is divided by 490?
283
Calculate the remainder when 10885 is divided by 3625.
10
What is the remainder when 41474 is divided by 69?
5
Calculate the remainder when 45273 is divided by 435.
33
What is the remainder when 110464 is divided by 22091?
9
Calculate the remainder when 4101 is divided by 139.
70
What is the remainder when 80588 is divided by 53?
28
What is the remainder when 49038 is divided by 12198?
246
Calculate the remainder when 16528 is divided by 115.
83
What is the remainder when 31444 is divided by 41?
38
What is the remainder when 531 is divided by 248?
35
What is the remainder when 512 is divided by 144?
80
Calculate the remainder when 5425 is divided by 236.
233
Calculate the remainder when 2412 is divided by 1172.
68
Calculate the remainder when 699002 is divided by 71.
7
Calculate the remainder when 63827 is divided by 15933.
95
What is the remainder when 6409 is divided by 6408?
1
Calculate the remainder when 424847 is divided by 167.
166
Calculate the remainder when 3198 is divided by 101.
67
What is the remainder when 4464 is divided by 19?
18
What is the remainder when 327322 is divided by 6?
4
Calculate the remainder when 366615 is divided by 604.
591
What is the remainder when 295912 is divided by 46?
40
What is the remainder when 693206 is divided by 6932?
6
Calculate the remainder when 49643 is divided by 49635.
8
Calculate the remainder when 77162 is divided by 49.
36
Calculate the remainder when 21328 is divided by 171.
124
What is the remainder when 14132 is divided by 4664?
140
What is the remainder when 80336 is divided by 499?
496
Calculate the remainder when 65275 is divided by 21755.
10
Calculate the remainder when 2096 is divided by 45.
26
Calculate the remainder when 163395 is divided by 2122.
1
What is the remainder when 22538 is divided by 3592?
986
What is the remainder when 479 is divided by 40?
39
Calculate the remainder when 390542 is divided by 616.
614
What is the remainder when 16575 is divided by 29?
16
What is the remainder when 355406 is divided by 26?
12
What is the remainder when 341423 is divided by 16?
15
Calculate the remainder when 56696 is divided by 59.
56
Calculate the remainder when 29914 is divided by 1245.
34
What is the remainder when 10235 is divided by 5112?
11
Calculate the remainder when 1009 is divided by 123.
25
What is the remainder when 855 is divided by 49?
22
Calculate the remainder when 3558 is divided by 3532.
26
Calculate the remainder when 1958 is divided by 124.
98
What is the remainder when 41509 is divided by 137?
135
Calculate the remainder when 9173 is divided by 48.
5
What is the remainder when 34816 is divided by 852?
736
What is the remainder when 48441 is divided by 48398?
43
What is the remainder when 12578 is divided by 9?
5
Calculate the remainder when 4667 is divided by 596.
495
Calculate the remainder when 3426 is divided by 229.
220
What is the remainder when 20560 is divided by 14?
8
Calculate the remainder when 49616 is divided by 347.
342
Calculate the remainder when 171121 is divided by 24.
1
What is the remainder when 318901 is divided by 107?
41
What is the remainder when 7653 is divided by 422?
57
What is the remainder when 4280 is divided by 144?
104
Calculate the remainder when 268910 is divided by 25.
10
Calculate the remainder when 11564 is divided by 895.
824
Calculate the remainder when 105106 is divided by 461.
459
What is the remainder when 402 is divided by 10?
2
Calculate the remainder when 53159 is divided by 13278.
47
Calculate the remainder when 48435 is divided by 16144.
3
What is the remainder when 82361 is divided by 410?
361
What is the remainder when 770720 is divided by 547?
544
What is the remainder when 32964 is divided by 27?
24
Calculate the remainder when 10524 is divided by 692.
144
Calculate the remainder when 1969 is divided by 13.
6
What is the remainder when 3556 is divided by 41?
30
Calculate the remainder when 16103 is divided by 18.
11
Calculate the remainder when 219333 is divided by 37.
34
Calculate the remainder when 1627392 is divided by 21.
18
Calculate the remainder when 144746 is divided by 11.
8
Calculate the remainder when 6366141 is divided by 1704.
1701
What is the remainder when 49876 is divided by 1910?
216
Calculate the remainder when 8913 is divided by 205.
98
Calculate the remainder when 66851 is divided by 12.
11
What is the remainder when 31808 is divided by 560?
448
Calculate the remainder when 58917 is divided by 31.
17
Calculate the remainder when 5366461 is divided by 568.
565
What is the remainder when 9089 is divided by 84?
17
What is the remainder when 15368 is divided by 314?
296
What is the remainder when 31762 is divided by 127?
12
What is the remainder when 14357 is divided by 31?
4
What is the remainder when 1280 is divided by 62?
40
Calculate the remainder when 10440 is divided by 40.
0
Calculate the remainder when 306151 is divided by 860.
851
Calculate the remainder when 51965 is divided by 165.
155
What is the remainder when 208949 is divided by 14924?
13
What is the remainder when 12970 is divided by 118?
108
What is the remainder when 5705 is divided by 33?
29
What is the remainder when 13561 is divided by 342?
223
What is the remainder when 18933 is divided by 757?
8
Calculate the remainder when 4776 is divided by 36.
24
Calculate the remainder when 6127 is divided by 435.
37
Calculate the remainder when 4652434 is divided by 73.
71
What is the remainder when 2264 is divided by 2056?
208
Calculate the remainder when 6200 is divided by 567.
530
Calculate the remainder when 7270 is divided by 1679.
554
What is the remainder when 880 is divided by 28?
12
What is the remainder when 225192 is divided by 20472?
0
What is the remainder when 7445 is divided by 440?
405
What is the remainder when 4204 is divided by 268?
184
Calculate the remainder when 242969 is divided by 92.
89
What is the remainder when 126733 is divided by 660?
13
What is the remainder when 9390 is divided by 2997?
399
What is the remainder when 420817 is divided by 140265?
22
What is the remainder when 11559 is divided by 5779?
1
What is the remainder when 51414 is divided by 108?
6
What is the remainder when 4885598 is divided by 788?
786
What is the remainder when 50778 is divided by 5077?
8
Calculate the remainder when 7363 is divided by 3653.
57
Calculate the remainder when 36235 is divided by 5.
0
What is the remainder when 1601360 is divided by 223?
220
Calculate the remainder when 19192 is divided by 11.
8
Calculate the remainder when 10731 is divided by 5302.
127
What is the remainder when 8964 is divided by 53?
7
What is the remainder when 27027 is divided by 27011?
16
What is the remainder when 22400 is divided by 932?
32
What is the remainder when 67 is divided by 26?
15
What is the remainder when 2332 is divided by 1014?
304
What is the remainder when 13547 is divided by 154?
149
What is the remainder when 25062 is divided by 358?
2
Calculate the remainder when 55823 is divided by 27909.
5
What is the remainder when 22925 is divided by 10?
5
Calculate the remainder when 177797 is divided by 254.
251
What is the remainder when 18075 is divided by 3609?
30
What is the remainder when 4863 is divided by 57?
18
What is the remainder when 8501 is divided by 2068?
229
Calculate the remainder when 116983 is divided by 636.
595
What is the remainder when 2595 is divided by 2465?
130
What is the remainder when 13392 is divided by 21?
15
What is the remainder when 1652 is divided by 893?
759
What is the remainder when 30671 is divided by 15?
11
What is the remainder when 15994 is divided by 128?
122
What is the remainder when 4116 is divided by 114?
12
What is the remainder when 171983 is divided by 19106?
29
What is the remainder when 12651 is divided by 1795?
86
Calculate the remainder when 166885 is divided by 92.
89
Calculate the remainder when 5025935 is divided by 19.
17
What is the remainder when 21883 is divided by 1379?
1198
What is the remainder when 558627 is divided by 30?
27
Calculate the remainder when 253462 is divided by 358.
356
Calculate the remainder when 7047 is divided by 1374.
177
What is the remainder when 10101 is divided by 327?
291
What is t